 = r**3 - 5*r**2 + 3*r - 3. Give o(f).
-7
Let r(t) = -3*t**3 + 12*t**2 - 15*t + 6. Let x(y) = 3*y**3 - 10*y**2 + 12*y - 5. Let f(v) = 3*r(v) + 4*x(v). Give f(2).
12
Let h(m) = m**3 + 842*m**2 - 1592*m**2 + 7 + 747*m**2 + 2*m. Determine h(5).
67
Let n(l) = -l**2 + 12*l - 10. Let p(y) = -13*y - 638. Let v be p(0). Let z be (v/174)/((0 + 1)/(-3)). Calculate n(z).
1
Let g be ((-8)/6)/(5 - (-56)/(-12)). Let z(i) = -2*i**2 - 9*i - 7. Give z(g).
-3
Suppose -770 = -29*b + 158. Let o(g) = -2*g**2 + 6 + 25*g - b*g + 0 - 2. Give o(-5).
-11
Let r = 79 + -214. Let g = -135 - r. Let h(a) = -5*a**3 + 5*a**2 + a - 2. Let y(l) = l**3 - l**2. Let c(j) = -h(j) - 6*y(j). Calculate c(g).
2
Let m(z) = -22*z - 480. Let w(t) = -781*t - 22. Let l be w(0). Give m(l).
4
Let r(z) = 14*z**3 + 28*z**2 + 56*z + 2. Let l(i) = -i**3 - 3*i**2 - 3*i. Let p(o) = -13*l(o) - r(o). Calculate p(9).
7
Let w(c) = 22*c + 22. Let x(a) = 2*a + 2. Let d be (2 - (-18)/(-8)) + (-7256)/32. Let p = -159 - d. Let j(g) = p*x(g) - 6*w(g). What is j(-3)?
-8
Suppose f = 2*f - 1. Let c(k) = f + 1 + 19*k - 20*k. Suppose 25*q - 108 = -2*q. Determine c(q).
-2
Let r(t) be the third derivative of t**5/120 + 5*t**4/12 + 163*t**3/6 + 17*t**2 + 2. Let g(m) be the first derivative of r(m). Give g(-5).
5
Let k(j) be the first derivative of -3*j**2 - 4*j - 161. Give k(-5).
26
Let b(f) = -7*f**3 + 6*f**2 - 7*f + 2. Let r(w) = 6*w**3 - w. Let j(i) = -b(i) - r(i). Calculate j(7).
103
Let s(a) = 9*a**2 - 7*a + 61. Let j(y) = 13*y**2 - 8*y + 77. Let c(o) = -4*j(o) + 5*s(o). Give c(-2).
-25
Let t be ((-4)/6)/((-4)/(-6)). Let p(s) be the third derivative of 7/120*s**6 - 1/24*s**4 + 0 - 1/6*s**3 + 0*s**5 + 24*s**2 + 0*s. Determine p(t).
-7
Let x(m) = 3 - 45*m**2 + 3*m + 2*m + 41*m**2 - m**3. Suppose 4*w = 5*g + 45, 5*g + 4*w - 3*w + 20 = 0. What is x(g)?
3
Let d(c) = -49605*c**3 - 20*c + 7*c**2 - 16 + 49604*c**3 + 4*c**2. Calculate d(9).
-34
Let a(r) = 3*r**3 + 27*r**2 + 19*r + 7. Let x be (6/5)/((-4)/(-10)). Let o(i) = 2*i**3 + 14*i**2 + 9*i + 4. Let u(g) = x*a(g) - 5*o(g). Determine u(12).
1
Let m(l) = 29*l - 902. Let k(q) = 15*q - 500. Let z(x) = -5*k(x) + 3*m(x). Give z(16).
-14
Let g be (3 - (3 + -2))*1. Let n(a) = 7*a**2 + 14*a - 3. Let v(x) = -3*x**2 - 5*x + 1. Let r be (1/(-2))/(24/384). Let t(i) = r*v(i) - 3*n(i). Calculate t(g).
9
Let t(q) = q - 6. Let y(k) = 2*k**2 + 29*k - 71. Let r be y(-22). Suppose 36*f - r = -f. Determine t(f).
1
Suppose -5*f = -3*q + 46, 32*f - 34*f - 10 = -4*q. Let x(r) = 2*r**2 + 21*r + 10. Give x(f).
21
Let z = 146 + -147. Let u(r) be the third derivative of 23*r**5/60 - r**4/12 - r**3/6 - 7*r**2 + 21. What is u(z)?
24
Let w = -785 - -791. Let p(d) = -7*d - 4. Let m(a) = a - 1. Let i(g) = w*m(g) + p(g). Give i(-6).
-4
Let k(z) = z**2 + 9*z - 40. Suppose 12*d - 14*d = 2*h + 28, -2*h - 40 = 3*d. Determine k(d).
-4
Let q be (40/(17 - 9) + -4)/(2/(-24)). Let c(y) = y**2 + 11*y - 26. Determine c(q).
-14
Suppose h - 16 - 19 = 0. Let b(q) = -7*q - q**3 + 7*q**2 - 35 + h. Calculate b(6).
-6
Suppose 5*r = -3*w + 13, -w - 5*r + 25 = 4. Let f be 3 + (-52)/w - 5. Let d be (0/(-2))/(13 - f). Let k(v) = -v**3 - v. What is k(d)?
0
Let x(i) = 47 - i**2 - 41974*i - 43 + 41976*i. Let w(h) = 2*h - 10. Suppose -4*m + 20 = 0, -2 = q - 0*q - 2*m. Let l be w(q). What is x(l)?
-20
Let a(p) = 2*p + 2*p - 5578*p**3 + 11146*p**3 - 10*p**2 - 5569*p**3 - 3*p. Suppose 3*z - 4 = -34. Calculate a(z).
-10
Let a = -115 - -117. Suppose 3*l + 18*s - 13*s - 28 = 0, -14 = -a*l - s. Let d(h) = h**2 - 2*h + 3. Determine d(l).
27
Let w(o) = -23*o - 4 - 23*o + 47*o + 6. Suppose 9*s - 48 + 12 = 0. Determine w(s).
6
Suppose 3*f - 3*s - 15 = 0, -5*s - 14 = -4. Let a(j) = -7 - 2 + 4*j + 13 - j**2. Calculate a(f).
7
Let p(i) = i**2 + 13*i + 5. Let b(k) = k**3 + 4*k**2 - 10*k - 10. Let a be b(-5). Suppose -13 = 2*v + f + a, -64 = 4*v + 4*f. What is p(v)?
-7
Let u(k) = -2*k**2 - 5*k - 2. Let z(s) = -1. Suppose 2*t + 2*t - 5*f + 48 = 0, 2*f = 8. Let r = t - -9. Let q(l) = r*z(l) - u(l). Determine q(-4).
12
Let f(t) = -t**3 + 6*t**2 + 9*t - 12. Let u be f(6). Let w = u - 40. Let o(d) = 3*d**3 + 5*d**2 - 1 - d**w - 3*d**2 + 0*d**2. What is o(1)?
3
Let u(s) = 7*s**3 - 8*s**2 - 38*s + 91. Let x(n) = 4*n**3 - 4*n**2 - 19*n + 52. Let r(j) = 3*u(j) - 5*x(j). Calculate r(7).
27
Let w(i) = i**2 + 23*i + 53. Let n(b) = -23*b - 89. Let k be n(-3). Calculate w(k).
-7
Let k = -7079 + 7081. Let o(m) be the first derivative of -15 + 7*m - 1/3*m**3 + 5/2*m**k. Give o(5).
7
Suppose -3*z = 4*j - 463, -j + 2*z + 59 = -54. Let x(w) = -5*w + j*w**2 + 111*w**2 - 227*w**2 - 2. Let m(f) = -f**3 + f + 2. Let d be m(2). Calculate x(d).
2
Let w(n) be the first derivative of 7*n + 7/3*n**3 + 1/4*n**4 + 131 + 3*n**2. Determine w(-6).
7
Let x(k) = k - 21. Let n be -12 + 855/72 + (-206)/16. Let g(i) = -i**3 - 5*i**2 + 104*i. Let w be g(n). What is x(w)?
-21
Let z = -4392 - -4400. Let f(t) = 8*t + 9. Determine f(z).
73
Suppose 2*b - 22 = 4*r, -2*r - b - 16 = 3*b. Let y(c) = 505*c**2 + c + 9. Let w(n) = -421*n**2 - 2*n - 8. Let g(o) = -6*w(o) - 5*y(o). Determine g(r).
-3
Let a = -268 - -273. Let c be (-2)/(a + 48/(-9)). Let x(p) = p**3 + 2 - 4*p - 4*p - 5*p**2 + 0*p**3. Give x(c).
-10
Let o = -18287 - -18284. Let k(y) = 3*y**3 - y**2 - 9*y - 7. Give k(o).
-70
Let r be 78/30 - 4/(-10). Let x(s) = -1 + 4*s**r + 2*s**2 + 2*s**3 + 6*s**3 - 4*s**3. Suppose 2*d + 2*a - 2 = 0, -5*d - 5*a = -4*d - 1. Calculate x(d).
9
Let m = 11947 - 11947. Let z(f) be the second derivative of m + 5/6*f**3 - 14*f + 3/2*f**2. Calculate z(-2).
-7
Suppose -55*z = 26*z - 37*z + 396. Let p(w) = w**3 + 8*w**2 - 8*w + 3. Give p(z).
-6
Let z(v) be the second derivative of -v**6/360 - 7*v**5/120 - v**4/12 - 33*v**3/2 - 155*v. Let f(o) be the second derivative of z(o). Give f(-9).
-20
Let p(k) be the second derivative of k**5/10 - k**4/2 - 7*k**3/2 + 15*k**2/2 + 84*k. Let b be p(5). Let j(a) = a**2 - 9*a - 4. What is j(b)?
6
Let x(f) = -f**3 + 109*f**2 - 420*f - 3. Let u be x(4). Let c(t) = t**3 + 3*t**2 - 2*t - 13. Calculate c(u).
-7
Let n(p) = 7*p - 3*p + 6 + 1 - p. Let s(f) = 15*f + 35. Let g(i) = 11*n(i) - 2*s(i). Let t be g(-5). Let h(k) = -k**2 - 5*k + 11. Give h(t).
-13
Suppose 5 = -2*o - 13. Let q(a) = 61*a + 26. Let y(k) = -162*k - 67. Let z(x) = -8*q(x) - 3*y(x). Determine z(o).
11
Let z(h) = 6*h + 8. Let y(o) = 5*o - 36. Let l be y(8). Suppose 0 = -l*p + 5*s - 3*s - 18, 5*s + 9 = p. Determine z(p).
-28
Let w be 2*42/15*(-10)/(-4). Suppose -8 = 3*l - w. Let n(u) = -5 - 12*u**2 + u - 8 + 12 + l*u**2. What is n(1)?
-10
Let i(h) be the second derivative of 11*h**3 + 7*h**2/2 + 729*h. Determine i(0).
7
Let r(a) = a**3 + 11*a**2 - 5*a + 9. Let f(k) = -2*k**3 - 22*k**2 + 9*k - 19. Suppose 147*l = 158*l + 66. Let c(v) = l*f(v) - 13*r(v). What is c(-12)?
9
Let r(c) = 2*c**2 - 20*c - 10. Suppose 0 = -5*h + 5*m - 8*m + 47, -5*h = 4*m - 46. Determine r(h).
-10
Let b be 308/11 - 12 - 13. Let v(n) be the second derivative of 2*n - 7/6*n**b + 0*n**2 + 0. What is v(1)?
-7
Let g(y) = -2*y + 9. Let l = 508 - 562. Let p be 8 - (-3)/(l/(-12))*-3. What is g(p)?
-3
Let h(w) = -w**2 - 20*w + 23. Let o be h(-21). Let c(m) = 5*m**o - 23 - 4*m**2 - 4*m - 4 + 3*m. Suppose -3 = 5*s + 3*u, s + u + 1 = 4*s. Calculate c(s).
-27
Let n(r) = 117*r + 43. Let q(j) = -47*j - 22. Let l(z) = -2*n(z) - 5*q(z). Calculate l(-32).
-8
Let y(i) = 9*i**2 - 7*i - 67. Let b(d) = 10*d**2 - 8*d - 80. Let j(r) = -5*b(r) + 6*y(r). Let s = 56 - 54. Calculate j(s).
10
Let i(p) = 3 + 3*p**2 + 23*p**2 + 3*p + 3 - 27*p**2 + 2. Calculate i(4).
4
Let f(r) = -4 + 770*r + 767*r - 2307*r + 768*r. What is f(-4)?
4
Let i(a) be the first derivative of -2*a - 5*a**2 + 4 + 12*a**2 + 0*a - 9*a**2. Suppose -2*x - 2 = 2*y, 0*y = 2*y + 4*x - 2. Calculate i(y).
10
Let f(c) = -c**2 + 2*c - 1. Let y be (-9 - -15) + (4 - 2). Suppose 0 = 12*n - 28 - y. Give f(n).
-4
Let n(i) be the third derivative of 0*i - 4*i**2 + 5 + 1/3*i**3 + 1/24*i**4. What is n(0)?
2
Suppose 2*d = 2*u - 10, -38*u - 24 = -40*u - 5*d. Let a(v) = -v + 44. Calculate a(u).
37
Let o(w) = -w**3 - 2*w**2 + w - 4. Let u be o(-3). Let m be (26/(-4) - 1)*(-16)/20. Suppose u*f = m*f + 36. Let q(a) = a + 4. What is q(f)?
-5
Suppose c - 2*h - 11 = 0, -673*c + h + 53 = -670*c. Let v(i) = -2*i + 3